{"id":638,"date":"2025-03-15T10:22:32","date_gmt":"2025-03-15T09:22:32","guid":{"rendered":"https:\/\/comiccon.lu\/appuyez\/"},"modified":"2025-06-19T16:19:20","modified_gmt":"2025-06-19T15:19:20","slug":"presse","status":"publish","type":"page","link":"https:\/\/comiccon.lu\/fr\/presse\/","title":{"rendered":"Presse"},"content":{"rendered":"<div class=\"wpb-content-wrapper\"><p>[vc_row row_height_percent=\u00a0\u00bb0&Prime; override_padding=\u00a0\u00bbyes\u00a0\u00bb h_padding=\u00a0\u00bb2&Prime; top_padding=\u00a0\u00bb2&Prime; bottom_padding=\u00a0\u00bb5&Prime; back_color=\u00a0\u00bbcolor-vyce\u00a0\u00bb overlay_alpha=\u00a0\u00bb50&Prime; gutter_size=\u00a0\u00bb3&Prime; column_width_percent=\u00a0\u00bb100&Prime; shift_y=\u00a0\u00bb0&Prime; z_index=\u00a0\u00bb0&Prime; content_parallax=\u00a0\u00bb0&Prime; uncode_shortcode_id=\u00a0\u00bb156696&Prime; el_class=\u00a0\u00bbpresskit\u00a0\u00bb back_color_type=\u00a0\u00bbuncode-palette\u00a0\u00bb][vc_column column_width_percent=\u00a0\u00bb100&Prime; gutter_size=\u00a0\u00bb3&Prime; style=\u00a0\u00bbdark\u00a0\u00bb overlay_alpha=\u00a0\u00bb50&Prime; shift_x=\u00a0\u00bb0&Prime; shift_y=\u00a0\u00bb0&Prime; shift_y_down=\u00a0\u00bb0&Prime; z_index=\u00a0\u00bb0&Prime; medium_width=\u00a0\u00bb0&Prime; mobile_width=\u00a0\u00bb0&Prime; width=\u00a0\u00bb1\/1&Prime; uncode_shortcode_id=\u00a0\u00bb566359&Prime;][vc_custom_heading text_color=\u00a0\u00bbcolor-xsdn\u00a0\u00bb heading_semantic=\u00a0\u00bbh1&Prime; text_size=\u00a0\u00bbh1&Prime; uncode_shortcode_id=\u00a0\u00bb169487&Prime; text_color_type=\u00a0\u00bbuncode-palette\u00a0\u00bb]Presse[\/vc_custom_heading][vc_column_text uncode_shortcode_id=\u00a0\u00bb469841&Prime;]T\u00e9l\u00e9chargez notre dossier de presse pour la promotion de Comic Con Luxembourg.[\/vc_column_text][vc_row_inner][vc_column_inner column_width_percent=\u00a0\u00bb100&Prime; gutter_size=\u00a0\u00bb2&Prime; expand_height=\u00a0\u00bbyes\u00a0\u00bb back_color=\u00a0\u00bbcolor-xsdn\u00a0\u00bb overlay_alpha=\u00a0\u00bb50&Prime; shift_x=\u00a0\u00bb0&Prime; shift_y=\u00a0\u00bb0&Prime; shift_y_down=\u00a0\u00bb0&Prime; z_index=\u00a0\u00bb0&Prime; medium_width=\u00a0\u00bb4&Prime; mobile_width=\u00a0\u00bb0&Prime; width=\u00a0\u00bb1\/3&Prime; uncode_shortcode_id=\u00a0\u00bb119949&Prime; back_color_type=\u00a0\u00bbuncode-palette\u00a0\u00bb][vc_custom_heading text_transform=\u00a0\u00bbuppercase\u00a0\u00bb uncode_shortcode_id=\u00a0\u00bb556271&Prime;]Logos[\/vc_custom_heading][vc_column_text uncode_shortcode_id=\u00a0\u00bb786362&Prime;]T\u00e9l\u00e9chargez notre logo d&rsquo;\u00e9v\u00e9nement ici.<\/p>\n<p>Disponible en diff\u00e9rents formats, il peut \u00eatre utilis\u00e9 pour les publications de presse, le marketing num\u00e9rique, et plus encore.<\/p>\n<p>Cliquez sur le lien ci-dessous pour t\u00e9l\u00e9charger notre logo d&rsquo;\u00e9v\u00e9nement.<\/p>\n<p><em>Utilisation libre uniquement pour la promotion de Comic Con Luxembourg.<\/em>[\/vc_column_text][vc_button button_color=\u00a0\u00bbcolor-141378&Prime; hover_fx=\u00a0\u00bbfull-colored\u00a0\u00bb border_width=\u00a0\u00bb0&Prime; button_color_type=\u00a0\u00bbuncode-palette\u00a0\u00bb icon=\u00a0\u00bbfa fa-download\u00a0\u00bb uncode_shortcode_id=\u00a0\u00bb865533&Prime; link=\u00a0\u00bburl:https%3A%2F%2Fcomiccon.lu%2Fwp-content%2Fuploads%2F2025%2F03%2Fpresskit-logo.zip|target:_blank|\u00a0\u00bb]T\u00e9l\u00e9charger[\/vc_button][\/vc_column_inner][vc_column_inner column_width_percent=\u00a0\u00bb100&Prime; gutter_size=\u00a0\u00bb2&Prime; expand_height=\u00a0\u00bbyes\u00a0\u00bb back_color=\u00a0\u00bbcolor-xsdn\u00a0\u00bb overlay_alpha=\u00a0\u00bb50&Prime; shift_x=\u00a0\u00bb0&Prime; shift_y=\u00a0\u00bb0&Prime; shift_y_down=\u00a0\u00bb0&Prime; z_index=\u00a0\u00bb0&Prime; medium_width=\u00a0\u00bb4&Prime; mobile_width=\u00a0\u00bb0&Prime; width=\u00a0\u00bb1\/3&Prime; uncode_shortcode_id=\u00a0\u00bb924226&Prime; back_color_type=\u00a0\u00bbuncode-palette\u00a0\u00bb][vc_custom_heading text_transform=\u00a0\u00bbuppercase\u00a0\u00bb uncode_shortcode_id=\u00a0\u00bb172796&Prime;]Photographies[\/vc_custom_heading][vc_column_text uncode_shortcode_id=\u00a0\u00bb918738&Prime;]Images d&rsquo;ambiance, photographies d&rsquo;action et portraits d&rsquo;invit\u00e9s et de visiteurs : Notre kit photographique offre une gamme d&rsquo;images de haute qualit\u00e9 pour enrichir votre couverture m\u00e9diatique et vos supports promotionnels.<\/p>\n<p>Cliquez sur le lien ci-dessous pour acc\u00e9der directement \u00e0 notre kit photographique.<\/p>\n<p><em>Utilisation libre uniquement pour la promotion de Comic Con Luxembourg.<\/em>[\/vc_column_text][vc_button button_color=\u00a0\u00bbcolor-141378&Prime; hover_fx=\u00a0\u00bbfull-colored\u00a0\u00bb border_width=\u00a0\u00bb0&Prime; button_color_type=\u00a0\u00bbuncode-palette\u00a0\u00bb icon=\u00a0\u00bbfa fa-download\u00a0\u00bb uncode_shortcode_id=\u00a0\u00bb800553&Prime;]T\u00e9l\u00e9charger[\/vc_button][\/vc_column_inner][vc_column_inner column_width_percent=\u00a0\u00bb100&Prime; position_vertical=\u00a0\u00bbmiddle\u00a0\u00bb gutter_size=\u00a0\u00bb2&Prime; style=\u00a0\u00bbdark\u00a0\u00bb overlay_alpha=\u00a0\u00bb50&Prime; shift_x=\u00a0\u00bb0&Prime; shift_y=\u00a0\u00bb0&Prime; shift_y_down=\u00a0\u00bb0&Prime; z_index=\u00a0\u00bb0&Prime; medium_visibility=\u00a0\u00bbyes\u00a0\u00bb medium_width=\u00a0\u00bb0&Prime; mobile_visibility=\u00a0\u00bbyes\u00a0\u00bb mobile_width=\u00a0\u00bb0&Prime; width=\u00a0\u00bb1\/3&Prime; uncode_shortcode_id=\u00a0\u00bb127532&Prime;][vc_custom_heading text_transform=\u00a0\u00bbuppercase\u00a0\u00bb uncode_shortcode_id=\u00a0\u00bb177549&Prime;]Des questions ?[\/vc_custom_heading][vc_column_text uncode_shortcode_id=\u00a0\u00bb676275&Prime;]<a href=\"mailto:Press@comiccon.group\" target=\"_blank\" rel=\"noopener\">press@comiccon.group<\/a><\/p>\n<p><em>R\u00e9serv\u00e9 aux journalistes<\/em>[\/vc_column_text][\/vc_column_inner][\/vc_row_inner][vc_empty_space empty_h=\u00a0\u00bb2&Prime;][\/vc_column][\/vc_row][vc_row unlock_row_content=\u00a0\u00bbyes\u00a0\u00bb row_height_percent=\u00a0\u00bb0&Prime; override_padding=\u00a0\u00bbyes\u00a0\u00bb h_padding=\u00a0\u00bb0&Prime; top_padding=\u00a0\u00bb2&Prime; bottom_padding=\u00a0\u00bb2&Prime; back_color=\u00a0\u00bbcolor-vyce\u00a0\u00bb overlay_alpha=\u00a0\u00bb50&Prime; gutter_size=\u00a0\u00bb3&Prime; column_width_percent=\u00a0\u00bb100&Prime; shift_y=\u00a0\u00bb0&Prime; z_index=\u00a0\u00bb0&Prime; content_parallax=\u00a0\u00bb0&Prime; uncode_shortcode_id=\u00a0\u00bb102976&Prime; back_color_type=\u00a0\u00bbuncode-palette\u00a0\u00bb][vc_column column_width_percent=\u00a0\u00bb100&Prime; gutter_size=\u00a0\u00bb3&Prime; overlay_alpha=\u00a0\u00bb50&Prime; shift_x=\u00a0\u00bb0&Prime; shift_y=\u00a0\u00bb-4&Prime; shift_y_down=\u00a0\u00bb0&Prime; z_index=\u00a0\u00bb0&Prime; medium_width=\u00a0\u00bb0&Prime; mobile_width=\u00a0\u00bb0&Prime; width=\u00a0\u00bb1\/1&Prime; uncode_shortcode_id=\u00a0\u00bb154407&Prime;][vc_gallery el_id=\u00a0\u00bbgallery-861822&Prime; type=\u00a0\u00bbcarousel\u00a0\u00bb medias=\u00a0\u00bb374,375,308,325,321,323,373,295,372&Prime; carousel_lg=\u00a0\u00bb3&Prime; carousel_md=\u00a0\u00bb2&Prime; carousel_sm=\u00a0\u00bb1&Prime; thumb_size=\u00a0\u00bbsixteen-nine\u00a0\u00bb gutter_size=\u00a0\u00bb3&Prime; carousel_interval=\u00a0\u00bb3000&Prime; carousel_navspeed=\u00a0\u00bb400&Prime; carousel_loop=\u00a0\u00bbyes\u00a0\u00bb carousel_overflow=\u00a0\u00bbyes\u00a0\u00bb carousel_dots=\u00a0\u00bbyes\u00a0\u00bb stage_padding=\u00a0\u00bb0&Prime; single_overlay_opacity=\u00a0\u00bb10&Prime; single_padding=\u00a0\u00bb2&Prime; single_border=\u00a0\u00bbyes\u00a0\u00bb lbox_social=\u00a0\u00bbyes\u00a0\u00bb lbox_actual_size=\u00a0\u00bbyes\u00a0\u00bb lbox_full=\u00a0\u00bbyes\u00a0\u00bb lbox_download=\u00a0\u00bbyes\u00a0\u00bb uncode_shortcode_id=\u00a0\u00bb488379&Prime;][\/vc_column][\/vc_row][vc_row][vc_column width=\u00a0\u00bb1\/1&Prime;][uncode_block id=\u00a0\u00bb605&Prime;][\/vc_column][\/vc_row][vc_row][vc_column width=\u00a0\u00bb1\/1&Prime;][uncode_block id=\u00a0\u00bb608&Prime;][\/vc_column][\/vc_row]<\/p>\n<\/div>","protected":false},"excerpt":{"rendered":"<p>[vc_row row_height_percent=\u00a0\u00bb0&Prime; override_padding=\u00a0\u00bbyes\u00a0\u00bb h_padding=\u00a0\u00bb2&Prime; top_padding=\u00a0\u00bb2&Prime; bottom_padding=\u00a0\u00bb5&Prime; back_color=\u00a0\u00bbcolor-vyce\u00a0\u00bb overlay_alpha=\u00a0\u00bb50&Prime; gutter_size=\u00a0\u00bb3&Prime; column_width_percent=\u00a0\u00bb100&Prime; shift_y=\u00a0\u00bb0&Prime; z_index=\u00a0\u00bb0&Prime; content_parallax=\u00a0\u00bb0&Prime; uncode_shortcode_id=\u00a0\u00bb156696&Prime; el_class=\u00a0\u00bbpresskit\u00a0\u00bb back_color_type=\u00a0\u00bbuncode-palette\u00a0\u00bb][vc_column column_width_percent=\u00a0\u00bb100&Prime; gutter_size=\u00a0\u00bb3&Prime; style=\u00a0\u00bbdark\u00a0\u00bb overlay_alpha=\u00a0\u00bb50&Prime; [&hellip;]<\/p>\n","protected":false},"author":1,"featured_media":0,"parent":0,"menu_order":0,"comment_status":"closed","ping_status":"closed","template":"","meta":{"footnotes":""},"class_list":["post-638","page","type-page","status-publish","hentry"],"_links":{"self":[{"href":"https:\/\/comiccon.lu\/fr\/wp-json\/wp\/v2\/pages\/638","targetHints":{"allow":["GET"]}}],"collection":[{"href":"https:\/\/comiccon.lu\/fr\/wp-json\/wp\/v2\/pages"}],"about":[{"href":"https:\/\/comiccon.lu\/fr\/wp-json\/wp\/v2\/types\/page"}],"author":[{"embeddable":true,"href":"https:\/\/comiccon.lu\/fr\/wp-json\/wp\/v2\/users\/1"}],"replies":[{"embeddable":true,"href":"https:\/\/comiccon.lu\/fr\/wp-json\/wp\/v2\/comments?post=638"}],"version-history":[{"count":6,"href":"https:\/\/comiccon.lu\/fr\/wp-json\/wp\/v2\/pages\/638\/revisions"}],"predecessor-version":[{"id":871,"href":"https:\/\/comiccon.lu\/fr\/wp-json\/wp\/v2\/pages\/638\/revisions\/871"}],"wp:attachment":[{"href":"https:\/\/comiccon.lu\/fr\/wp-json\/wp\/v2\/media?parent=638"}],"curies":[{"name":"wp","href":"https:\/\/api.w.org\/{rel}","templated":true}]}}

<div class="wpb-content-wrapper"><p>[vc_row row_height_percent= »0&Prime; override_padding= »yes » h_padding= »2&Prime; top_padding= »2&Prime; bottom_padding= »5&Prime; back_color= »color-vyce » overlay_alpha= »50&Prime; gutter_size= »3&Prime; column_width_percent= »100&Prime; shift_y= »0&Prime; z_index= »0&Prime; content_parallax= »0&Prime; uncode_shortcode_id= »156696&Prime; el_class= »presskit » back_color_type= »uncode-palette »][vc_column column_width_percent= »100&Prime; gutter_size= »3&Prime; style= »dark » overlay_alpha= »50&Prime; shift_x= »0&Prime; shift_y= »0&Prime; shift_y_down= »0&Prime; z_index= »0&Prime; medium_width= »0&Prime; mobile_width= »0&Prime; width= »1/1&Prime; uncode_shortcode_id= »566359&Prime;][vc_custom_heading text_color= »color-xsdn » heading_semantic= »h1&Prime; text_size= »h1&Prime; uncode_shortcode_id= »169487&Prime; text_color_type= »uncode-palette »]Presse[/vc_custom_heading][vc_column_text uncode_shortcode_id= »469841&Prime;]Téléchargez notre dossier de presse pour la promotion de Comic Con Luxembourg.[/vc_column_text][vc_row_inner][vc_column_inner column_width_percent= »100&Prime; gutter_size= »2&Prime; expand_height= »yes » back_color= »color-xsdn » overlay_alpha= »50&Prime; shift_x= »0&Prime; shift_y= »0&Prime; shift_y_down= »0&Prime; z_index= »0&Prime; medium_width= »4&Prime; mobile_width= »0&Prime; width= »1/3&Prime; uncode_shortcode_id= »119949&Prime; back_color_type= »uncode-palette »][vc_custom_heading text_transform= »uppercase » uncode_shortcode_id= »556271&Prime;]Logos[/vc_custom_heading][vc_column_text uncode_shortcode_id= »786362&Prime;]Téléchargez notre logo d&rsquo;événement ici.</p>
<p>Disponible en différents formats, il peut être utilisé pour les publications de presse, le marketing numérique, et plus encore.</p>
<p>Cliquez sur le lien ci-dessous pour télécharger notre logo d&rsquo;événement.</p>
<p><em>Utilisation libre uniquement pour la promotion de Comic Con Luxembourg.</em>[/vc_column_text][vc_button button_color= »color-141378&Prime; hover_fx= »full-colored » border_width= »0&Prime; button_color_type= »uncode-palette » icon= »fa fa-download » uncode_shortcode_id= »865533&Prime; link= »url:https%3A%2F%2Fcomiccon.lu%2Fwp-content%2Fuploads%2F2025%2F03%2Fpresskit-logo.zip|target:_blank| »]Télécharger[/vc_button][/vc_column_inner][vc_column_inner column_width_percent= »100&Prime; gutter_size= »2&Prime; expand_height= »yes » back_color= »color-xsdn » overlay_alpha= »50&Prime; shift_x= »0&Prime; shift_y= »0&Prime; shift_y_down= »0&Prime; z_index= »0&Prime; medium_width= »4&Prime; mobile_width= »0&Prime; width= »1/3&Prime; uncode_shortcode_id= »924226&Prime; back_color_type= »uncode-palette »][vc_custom_heading text_transform= »uppercase » uncode_shortcode_id= »172796&Prime;]Photographies[/vc_custom_heading][vc_column_text uncode_shortcode_id= »918738&Prime;]Images d&rsquo;ambiance, photographies d&rsquo;action et portraits d&rsquo;invités et de visiteurs : Notre kit photographique offre une gamme d&rsquo;images de haute qualité pour enrichir votre couverture médiatique et vos supports promotionnels.</p>
<p>Cliquez sur le lien ci-dessous pour accéder directement à notre kit photographique.</p>
<p><em>Utilisation libre uniquement pour la promotion de Comic Con Luxembourg.</em>[/vc_column_text][vc_button button_color= »color-141378&Prime; hover_fx= »full-colored » border_width= »0&Prime; button_color_type= »uncode-palette » icon= »fa fa-download » uncode_shortcode_id= »800553&Prime;]Télécharger[/vc_button][/vc_column_inner][vc_column_inner column_width_percent= »100&Prime; position_vertical= »middle » gutter_size= »2&Prime; style= »dark » overlay_alpha= »50&Prime; shift_x= »0&Prime; shift_y= »0&Prime; shift_y_down= »0&Prime; z_index= »0&Prime; medium_visibility= »yes » medium_width= »0&Prime; mobile_visibility= »yes » mobile_width= »0&Prime; width= »1/3&Prime; uncode_shortcode_id= »127532&Prime;][vc_custom_heading text_transform= »uppercase » uncode_shortcode_id= »177549&Prime;]Des questions ?[/vc_custom_heading][vc_column_text uncode_shortcode_id= »676275&Prime;]<a href="mailto:Press@comiccon.group" target="_blank" rel="noopener">press@comiccon.group</a></p>
<p><em>Réservé aux journalistes</em>[/vc_column_text][/vc_column_inner][/vc_row_inner][vc_empty_space empty_h= »2&Prime;][/vc_column][/vc_row][vc_row unlock_row_content= »yes » row_height_percent= »0&Prime; override_padding= »yes » h_padding= »0&Prime; top_padding= »2&Prime; bottom_padding= »2&Prime; back_color= »color-vyce » overlay_alpha= »50&Prime; gutter_size= »3&Prime; column_width_percent= »100&Prime; shift_y= »0&Prime; z_index= »0&Prime; content_parallax= »0&Prime; uncode_shortcode_id= »102976&Prime; back_color_type= »uncode-palette »][vc_column column_width_percent= »100&Prime; gutter_size= »3&Prime; overlay_alpha= »50&Prime; shift_x= »0&Prime; shift_y= »-4&Prime; shift_y_down= »0&Prime; z_index= »0&Prime; medium_width= »0&Prime; mobile_width= »0&Prime; width= »1/1&Prime; uncode_shortcode_id= »154407&Prime;][vc_gallery el_id= »gallery-861822&Prime; type= »carousel » medias= »374,375,308,325,321,323,373,295,372&Prime; carousel_lg= »3&Prime; carousel_md= »2&Prime; carousel_sm= »1&Prime; thumb_size= »sixteen-nine » gutter_size= »3&Prime; carousel_interval= »3000&Prime; carousel_navspeed= »400&Prime; carousel_loop= »yes » carousel_overflow= »yes » carousel_dots= »yes » stage_padding= »0&Prime; single_overlay_opacity= »10&Prime; single_padding= »2&Prime; single_border= »yes » lbox_social= »yes » lbox_actual_size= »yes » lbox_full= »yes » lbox_download= »yes » uncode_shortcode_id= »488379&Prime;][/vc_column][/vc_row][vc_row][vc_column width= »1/1&Prime;][uncode_block id= »605&Prime;][/vc_column][/vc_row][vc_row][vc_column width= »1/1&Prime;][uncode_block id= »608&Prime;][/vc_column][/vc_row]</p>
</div>
