{"id":1890,"date":"2026-07-04T09:50:17","date_gmt":"2026-07-04T08:50:17","guid":{"rendered":"https:\/\/comiccon.lu\/?post_type=portfolio&#038;p=1890"},"modified":"2026-09-04T09:59:09","modified_gmt":"2026-09-04T08:59:09","slug":"rebecca-mader","status":"publish","type":"portfolio","link":"https:\/\/comiccon.lu\/fr\/guests\/rebecca-mader\/","title":{"rendered":"Rebecca Mader"},"content":{"rendered":"<div class=\"wpb-content-wrapper\"><p>[vc_row row_height_percent=\u00a0\u00bb0&Prime; override_padding=\u00a0\u00bbyes\u00a0\u00bb h_padding=\u00a0\u00bb2&Prime; top_padding=\u00a0\u00bb2&Prime; bottom_padding=\u00a0\u00bb7&Prime; back_color=\u00a0\u00bbcolor-vyce\u00a0\u00bb overlay_alpha=\u00a0\u00bb50&Prime; gutter_size=\u00a0\u00bb3&Prime; column_width_percent=\u00a0\u00bb100&Prime; shift_y=\u00a0\u00bb0&Prime; z_index=\u00a0\u00bb0&Prime; content_parallax=\u00a0\u00bb0&Prime; uncode_shortcode_id=\u00a0\u00bb117194&Prime; el_class=\u00a0\u00bbaGuest\u00a0\u00bb back_color_type=\u00a0\u00bbuncode-palette\u00a0\u00bb][vc_column column_width_percent=\u00a0\u00bb100&Prime; gutter_size=\u00a0\u00bb3&Prime; style=\u00a0\u00bbdark\u00a0\u00bb overlay_alpha=\u00a0\u00bb50&Prime; shift_x=\u00a0\u00bb0&Prime; shift_y=\u00a0\u00bb0&Prime; shift_y_down=\u00a0\u00bb0&Prime; z_index=\u00a0\u00bb0&Prime; medium_width=\u00a0\u00bb0&Prime; mobile_width=\u00a0\u00bb0&Prime; width=\u00a0\u00bb1\/1&Prime; uncode_shortcode_id=\u00a0\u00bb158114&Prime;][vc_row_inner][vc_column_inner column_width_percent=\u00a0\u00bb100&Prime; gutter_size=\u00a0\u00bb3&Prime; style=\u00a0\u00bbdark\u00a0\u00bb overlay_alpha=\u00a0\u00bb50&Prime; shift_x=\u00a0\u00bb0&Prime; shift_y=\u00a0\u00bb0&Prime; shift_y_down=\u00a0\u00bb0&Prime; z_index=\u00a0\u00bb0&Prime; medium_width=\u00a0\u00bb0&Prime; mobile_width=\u00a0\u00bb0&Prime; width=\u00a0\u00bb1\/3&Prime; uncode_shortcode_id=\u00a0\u00bb657169&Prime;][vc_single_image media=\u00a0\u00bb213&Prime; dynamic=\u00a0\u00bbyes\u00a0\u00bb media_width_percent=\u00a0\u00bb100&Prime; uncode_shortcode_id=\u00a0\u00bb117302&Prime;][\/vc_column_inner][vc_column_inner column_width_percent=\u00a0\u00bb100&Prime; gutter_size=\u00a0\u00bb2&Prime; style=\u00a0\u00bbdark\u00a0\u00bb overlay_alpha=\u00a0\u00bb50&Prime; shift_x=\u00a0\u00bb0&Prime; shift_y=\u00a0\u00bb0&Prime; shift_y_down=\u00a0\u00bb0&Prime; z_index=\u00a0\u00bb0&Prime; medium_width=\u00a0\u00bb0&Prime; mobile_width=\u00a0\u00bb0&Prime; width=\u00a0\u00bb2\/3&Prime; uncode_shortcode_id=\u00a0\u00bb623351&Prime;][vc_custom_heading auto_text=\u00a0\u00bbyes\u00a0\u00bb heading_semantic=\u00a0\u00bbh1&Prime; text_size=\u00a0\u00bbh1&Prime; uncode_shortcode_id=\u00a0\u00bb332023&Prime;]Titre automatique[\/vc_custom_heading][vc_column_text uncode_shortcode_id=\u00a0\u00bb160874&Prime;]Alias Zelena\/la M\u00e9chante Sorci\u00e8re de l\u2019Ouest, Charlotte, Jocelyn, &#8230;[\/vc_column_text][vc_gallery el_id=\u00a0\u00bbgallery-332212&Prime; medias=\u00a0\u00bb1747,1887,1884&Prime; gutter_size=\u00a0\u00bb3&Prime; media_items=\u00a0\u00bbmedia|nolink|original\u00a0\u00bb screen_lg=\u00a0\u00bb1000&Prime; screen_md=\u00a0\u00bb600&Prime; screen_sm=\u00a0\u00bb480&Prime; single_width=\u00a0\u00bb2&Prime; single_overlay_opacity=\u00a0\u00bb1&Prime; single_overlay_anim=\u00a0\u00bbno\u00a0\u00bb single_image_anim=\u00a0\u00bbno\u00a0\u00bb single_padding=\u00a0\u00bb2&Prime; single_border=\u00a0\u00bbyes\u00a0\u00bb uncode_shortcode_id=\u00a0\u00bb500857&Prime;][vc_button border_width=\u00a0\u00bb0&Prime; button_color_type=\u00a0\u00bbuncode-solid\u00a0\u00bb icon=\u00a0\u00bbfa fa-camera5&Prime; uncode_shortcode_id=\u00a0\u00bb898729&Prime; link=\u00a0\u00bburl:https%3A%2F%2Fcomiccon.lu%2Ffr%2Fbillets%2F|title:Billets|\u00a0\u00bb button_color_solid=\u00a0\u00bb#f49d07&Prime;]Acheter un billet pour la s\u00e9ance photo[\/vc_button][vc_column_text uncode_shortcode_id=\u00a0\u00bb645958&Prime;]Regardez qui rejoint Lana Parrilla au Luxembourg ! \u2728 Pr\u00e9parez vos balais, car l\u2019unique et incontournable Rebecca Mader, la favorite des fans, rejoint notre incroyable programmation \u00e0 la Comic Con Luxembourg ! <\/p>\n<p>Il s\u2019agit d\u00e9j\u00e0 du deuxi\u00e8me invit\u00e9 embl\u00e9matique de Once Upon A Time confirm\u00e9 pour la Comic Con Luxembourg les 12 et 13 d\u00e9cembre, et ce sera une v\u00e9ritable f\u00eate \u00e0 la convention !<\/p>\n<p>Vous connaissez Rebecca dans le r\u00f4le inoubliable de Zelena, la M\u00e9chante Sorci\u00e8re de l\u2019Ouest, dans <em>Once Upon a Time<\/em>, mais aussi pour son r\u00f4le de Charlotte dans la s\u00e9rie prim\u00e9e <em>LOST<\/em> et celui de Jocelyn dans <em>The Devil Wears Prada<\/em>. \u2728 <\/p>\n<p>Est-elle la derni\u00e8re invit\u00e9e OUAT \u00e0 venir au Luxembourg ? \ud83d\udc40<\/p>\n<p>Attendons de voir\u2026<\/p>\n<p>Venez rencontrer Rebecca les 12 et 13 d\u00e9cembre pour des s\u00e9ances photo, des autographes et des sessions de questions-r\u00e9ponses ! \ud83d\udcf8\u270d\ufe0f\ud83d\udc9a <\/p>\n<p>&nbsp;<\/p>\n<ul>\n<li>Prix de l\u2019autographe : 55 \u20ac<\/li>\n<li>Prix de la s\u00e9ance photo : 70 \u20ac<\/li>\n<\/ul>\n<p>[\/vc_column_text][\/vc_column_inner][\/vc_row_inner][\/vc_column][\/vc_row]<\/p>\n<\/div>","protected":false},"excerpt":{"rendered":"<p>[vc_row row_height_percent=\u00a0\u00bb0&Prime; override_padding=\u00a0\u00bbyes\u00a0\u00bb h_padding=\u00a0\u00bb2&Prime; top_padding=\u00a0\u00bb2&Prime; bottom_padding=\u00a0\u00bb7&Prime; back_color=\u00a0\u00bbcolor-vyce\u00a0\u00bb overlay_alpha=\u00a0\u00bb50&Prime; gutter_size=\u00a0\u00bb3&Prime; column_width_percent=\u00a0\u00bb100&Prime; shift_y=\u00a0\u00bb0&Prime; z_index=\u00a0\u00bb0&Prime; content_parallax=\u00a0\u00bb0&Prime; uncode_shortcode_id=\u00a0\u00bb117194&Prime; el_class=\u00a0\u00bbaGuest\u00a0\u00bb back_color_type=\u00a0\u00bbuncode-palette\u00a0\u00bb][vc_column column_width_percent=\u00a0\u00bb100&Prime; gutter_size=\u00a0\u00bb3&Prime; style=\u00a0\u00bbdark\u00a0\u00bb overlay_alpha=\u00a0\u00bb50&Prime; [&hellip;]<\/p>\n","protected":false},"author":5,"featured_media":1877,"parent":0,"menu_order":0,"comment_status":"closed","ping_status":"closed","template":"","meta":{"footnotes":""},"portfolio_category":[34],"class_list":["post-1890","portfolio","type-portfolio","status-publish","has-post-thumbnail","hentry","portfolio_category-34"],"_links":{"self":[{"href":"https:\/\/comiccon.lu\/fr\/wp-json\/wp\/v2\/portfolio\/1890","targetHints":{"allow":["GET"]}}],"collection":[{"href":"https:\/\/comiccon.lu\/fr\/wp-json\/wp\/v2\/portfolio"}],"about":[{"href":"https:\/\/comiccon.lu\/fr\/wp-json\/wp\/v2\/types\/portfolio"}],"author":[{"embeddable":true,"href":"https:\/\/comiccon.lu\/fr\/wp-json\/wp\/v2\/users\/5"}],"replies":[{"embeddable":true,"href":"https:\/\/comiccon.lu\/fr\/wp-json\/wp\/v2\/comments?post=1890"}],"version-history":[{"count":3,"href":"https:\/\/comiccon.lu\/fr\/wp-json\/wp\/v2\/portfolio\/1890\/revisions"}],"predecessor-version":[{"id":1893,"href":"https:\/\/comiccon.lu\/fr\/wp-json\/wp\/v2\/portfolio\/1890\/revisions\/1893"}],"wp:featuredmedia":[{"embeddable":true,"href":"https:\/\/comiccon.lu\/fr\/wp-json\/wp\/v2\/media\/1877"}],"wp:attachment":[{"href":"https:\/\/comiccon.lu\/fr\/wp-json\/wp\/v2\/media?parent=1890"}],"wp:term":[{"taxonomy":"portfolio_category","embeddable":true,"href":"https:\/\/comiccon.lu\/fr\/wp-json\/wp\/v2\/portfolio_category?post=1890"}],"curies":[{"name":"wp","href":"https:\/\/api.w.org\/{rel}","templated":true}]}}

<div class="wpb-content-wrapper"><p>[vc_row row_height_percent= »0&Prime; override_padding= »yes » h_padding= »2&Prime; top_padding= »2&Prime; bottom_padding= »7&Prime; back_color= »color-vyce » overlay_alpha= »50&Prime; gutter_size= »3&Prime; column_width_percent= »100&Prime; shift_y= »0&Prime; z_index= »0&Prime; content_parallax= »0&Prime; uncode_shortcode_id= »117194&Prime; el_class= »aGuest » back_color_type= »uncode-palette »][vc_column column_width_percent= »100&Prime; gutter_size= »3&Prime; style= »dark » overlay_alpha= »50&Prime; shift_x= »0&Prime; shift_y= »0&Prime; shift_y_down= »0&Prime; z_index= »0&Prime; medium_width= »0&Prime; mobile_width= »0&Prime; width= »1/1&Prime; uncode_shortcode_id= »158114&Prime;][vc_row_inner][vc_column_inner column_width_percent= »100&Prime; gutter_size= »3&Prime; style= »dark » overlay_alpha= »50&Prime; shift_x= »0&Prime; shift_y= »0&Prime; shift_y_down= »0&Prime; z_index= »0&Prime; medium_width= »0&Prime; mobile_width= »0&Prime; width= »1/3&Prime; uncode_shortcode_id= »657169&Prime;][vc_single_image media= »213&Prime; dynamic= »yes » media_width_percent= »100&Prime; uncode_shortcode_id= »117302&Prime;][/vc_column_inner][vc_column_inner column_width_percent= »100&Prime; gutter_size= »2&Prime; style= »dark » overlay_alpha= »50&Prime; shift_x= »0&Prime; shift_y= »0&Prime; shift_y_down= »0&Prime; z_index= »0&Prime; medium_width= »0&Prime; mobile_width= »0&Prime; width= »2/3&Prime; uncode_shortcode_id= »623351&Prime;][vc_custom_heading auto_text= »yes » heading_semantic= »h1&Prime; text_size= »h1&Prime; uncode_shortcode_id= »332023&Prime;]Titre automatique[/vc_custom_heading][vc_column_text uncode_shortcode_id= »160874&Prime;]Alias Zelena/la Méchante Sorcière de l’Ouest, Charlotte, Jocelyn, &#8230;[/vc_column_text][vc_gallery el_id= »gallery-332212&Prime; medias= »1747,1887,1884&Prime; gutter_size= »3&Prime; media_items= »media|nolink|original » screen_lg= »1000&Prime; screen_md= »600&Prime; screen_sm= »480&Prime; single_width= »2&Prime; single_overlay_opacity= »1&Prime; single_overlay_anim= »no » single_image_anim= »no » single_padding= »2&Prime; single_border= »yes » uncode_shortcode_id= »500857&Prime;][vc_button border_width= »0&Prime; button_color_type= »uncode-solid » icon= »fa fa-camera5&Prime; uncode_shortcode_id= »898729&Prime; link= »url:https%3A%2F%2Fcomiccon.lu%2Ffr%2Fbillets%2F|title:Billets| » button_color_solid= »#f49d07&Prime;]Acheter un billet pour la séance photo[/vc_button][vc_column_text uncode_shortcode_id= »645958&Prime;]Regardez qui rejoint Lana Parrilla au Luxembourg ! ✨ Préparez vos balais, car l’unique et incontournable Rebecca Mader, la favorite des fans, rejoint notre incroyable programmation à la Comic Con Luxembourg ! </p>
<p>Il s’agit déjà du deuxième invité emblématique de Once Upon A Time confirmé pour la Comic Con Luxembourg les 12 et 13 décembre, et ce sera une véritable fête à la convention !</p>
<p>Vous connaissez Rebecca dans le rôle inoubliable de Zelena, la Méchante Sorcière de l’Ouest, dans <em>Once Upon a Time</em>, mais aussi pour son rôle de Charlotte dans la série primée <em>LOST</em> et celui de Jocelyn dans <em>The Devil Wears Prada</em>. ✨ </p>
<p>Est-elle la dernière invitée OUAT à venir au Luxembourg ? 👀</p>
<p>Attendons de voir…</p>
<p>Venez rencontrer Rebecca les 12 et 13 décembre pour des séances photo, des autographes et des sessions de questions-réponses ! 📸✍️💚 </p>
<p>&nbsp;</p>
<ul>
<li>Prix de l’autographe : 55 €</li>
<li>Prix de la séance photo : 70 €</li>
</ul>
<p>[/vc_column_text][/vc_column_inner][/vc_row_inner][/vc_column][/vc_row]</p>
</div>
